)/((f - -6) + 14/(-3)).
30
Let r = 1215 + -1183. Suppose 0 = 4*v - v - 57. Calculate the remainder when r is divided by v.
13
Suppose -d + 5876 = 5*x, -17 = 4*d - 1. Calculate the remainder when x is divided by 38.
36
Let w(z) = 8 + 7 + 4 - 4*z. What is the remainder when w(-11) is divided by (-119)/(-21)*-3*1*-1?
12
Let a(s) = -s**3 - 53*s**2 - 62*s + 586. Calculate the remainder when a(-52) is divided by 76.
42
Suppose v - 7*v = -174. Let z = 21 - 22. Let h(t) = 10*t**2 - 4*t - 2. Calculate the remainder when v is divided by h(z).
5
Let i = 14753 + -14549. Calculate the remainder when i is divided by 42.
36
Let i = 4542 - 2841. Calculate the remainder when i is divided by 74.
73
Suppose -5*i - 113 = -3*r, 894*i + 22 = 3*r + 896*i. Suppose -2*c + 54 = -196. What is the remainder when c is divided by r?
13
Let b = 12621 - 9835. What is the remainder when b is divided by 49?
42
Suppose 5*r - 2512 = 26*i - 28*i, -5*r = -3*i - 2532. Let t = r - 421. Calculate the remainder when t is divided by 44.
39
Let j be (-32 + 33)*(-1 - 2). Let q(k) = -k**2 - 3*k + 4. Let b be q(-3). Calculate the remainder when 70 is divided by (j - -3) + (-2)/b*-38.
13
Let w(t) = t**2 - 71*t - 3256. What is the remainder when w(104) is divided by 36/14*(-42)/(-9)?
8
Suppose 3*k + 12 = 7*k. Suppose y = -4*f + 51, k*y - 11 = 2*y + 4*f. What is the remainder when 155 - (-13)/(-208)*32 is divided by y?
29
Let h = 4574 + -4343. What is the remainder when 910 is divided by h?
217
Let v = -7378 + 7454. What is the remainder when 139 is divided by v?
63
Suppose 200 = -t - t. Suppose -40*p - 176 + 22 = -2234. What is the remainder when 0 + (t + 1)/(-1) is divided by p?
47
Let x = -59 + 179. Let i = 278 - x. What is the remainder when i is divided by 41?
35
Let v = 1484 + -1461. What is the remainder when 424/(-6)*21/(-14) is divided by v?
14
Calculate the remainder when 519 is divided by (24 - 7 - -2) + 120.
102
Let t(p) = -p**3 - p**2 - 2*p + 362. Let q be t(0). Let c = 482 - q. Calculate the remainder when c is divided by 43.
34
Suppose 7*s - 1 = 6*s. Let x be 2/(-2) - -5*s. Calculate the remainder when x + 1 + 65 + 2 is divided by 26.
20
Let t(h) = -23*h - 3. Let q be t(-1). Suppose q = 2*p + 8*p. What is the remainder when 3 is divided by p?
1
Let k(p) be the second derivative of 24*p**2 + 0 + 24*p + 1/6*p**3. What is the remainder when k(-15) is divided by 9?
6
Suppose 113*j = 1895 + 8275. What is the remainder when 3869 is divided by j?
89
Suppose 0 = -s - 196*x + 193*x + 18, -x + 118 = 5*s. Calculate the remainder when 116 is divided by s.
20
Suppose -4*h + 30 = h. Suppose 860*a = 1087*a - 3859. Calculate the remainder when a is divided by h.
5
Let r(h) = h**3 + 11*h**2 + 16*h + 5*h**2 - 32*h + 24. Suppose -97 = 5*l + 4*z, -5*z = 8 + 7. Calculate the remainder when 48 is divided by r(l).
6
Let d(o) be the third derivative of 5*o**4/24 - 3*o**3 - o**2. Let a be -7*(-20)/630 + 122/18. What is the remainder when d(a) is divided by 6?
5
Suppose 0 = -24*x + 18273 - 1281. What is the remainder when x is divided by 50?
8
Suppose 4*v - 72 = -4*t - 0, 0 = 2*t - 3*v - 11. What is the remainder when 1845 is divided by t?
12
Let d(c) = c**2 - 7*c + 7. Let v be d(6). Calculate the remainder when (48 - -13) + 138/6 is divided by (-44)/3*(v + -4).
40
Suppose 54*q = 56*q. Suppose q = -2*t + 3 + 5. Suppose 0 = -c - 4*s + 2, -25 = -4*c - t*s - 5. What is the remainder when 11 is divided by c?
5
Let a(w) = -w. What is the remainder when (-3 + 956/4)*(-33)/(-66) is divided by a(-20)?
18
Let r(z) = -z**3 - 22*z**2 - 57*z + 4. Let d be r(-19). Suppose d*c - 2*s = c + 35, -c + 10 = s. What is the remainder when 39 is divided by c?
6
Suppose -n + 2*n - 2 = 0. Suppose -z - b + 68 = 0, -12 = -z - n*b + 61. What is the remainder when z is divided by 1*6/15*((-114)/(-4) + -1)?
8
What is the remainder when 261 + 6 + (2 - (7 + 12/(-6))) is divided by 92?
80
Suppose -2*z = 4*v - 86, 3*z + 2*v - 196 = -z. Let c(u) = u**2 + 15*u - 84. Calculate the remainder when c(-23) is divided by z.
49
Let k = -20965 - -20995. Calculate the remainder when 653 is divided by k.
23
Suppose -83*x + 87*x + 10021 = 37761. Calculate the remainder when x is divided by 51.
50
Let u(k) = -936*k - 7454. What is the remainder when 2026 is divided by u(-8)?
20
Suppose -271*t + 8085 = -270*t + 2*n, -4*t + 2*n = -32370. What is the remainder when t is divided by 142?
139
Let k(q) = -q**3 + 6*q**2 + 5*q - 20. Suppose -20*o + 113 = -7. What is the remainder when 59 is divided by k(o)?
9
Suppose 0 = -5*r - 2*o + 3*o + 455, 3*o = -r + 75. Calculate the remainder when 520 is divided by r.
70
Let x be (0 - 12/(-8))*-12. Suppose 27*w - 23*w = -20, 4*o - 2*w = 234. Calculate the remainder when (-18)/(-81) + (-3002)/x is divided by o.
55
Suppose -u + 52 - 2 = 4*g, -5*u + 166 = -g. Suppose -14*k + 95251 = 92941. Calculate the remainder when k is divided by u.
29
Suppose 5*b = -25, 4*g = -4*b + 6200 - 2008. Suppose -g = -19*y + 1151. What is the remainder when y is divided by 15?
11
Suppose -4*c - o = -102, 3*c - c - 46 = -3*o. Calculate the remainder when 397 is divided by c.
7
Let l = 854 - 804. Suppose 158 = 12*f + l. Calculate the remainder when 26 is divided by f.
8
Suppose 807 = o + 177. Suppose 57*q + 13*q - o = 0. Let s(p) = 9*p**2 - 2*p + 3. Calculate the remainder when s(2) is divided by q.
8
Let q = -33 - -71. Suppose 3*t + 4*p - 1940 = 0, -t + 4*p - 252 = -888. What is the remainder when t is divided by q?
36
Let g(j) = -9*j**3 + 273*j**2 - 19*j + 41. Calculate the remainder when g(30) is divided by 700.
71
Suppose -2*h - 3*h - 35 = 0. Let t = 11 + h. Suppose -34 = -4*c + 5*p, -t*p + 0*p = -c + 14. What is the remainder when c is divided by 5?
1
Let b(j) = -j + 2. Let t be b(0). Let k(u) = 9*u**2 - 1 + 42*u**2 - 8*u - 5 + 8 + 6*u**2. Calculate the remainder when k(t) is divided by 36.
34
Let l = 55 - 1. Let a(o) = -o**2 + 7*o - 2. Let h be a(7). Let x = h - -16. Calculate the remainder when l is divided by x.
12
Let q(u) = u**3 + 10*u**2 + 6*u + 18. Suppose 13*p = 8*p - 45. Calculate the remainder when q(p) is divided by 4 + -7 + (27 - 1).
22
Suppose 0 = 4*a + 2*y - 26, -y + 5*y = 5*a - 52. What is the remainder when 4/3*(-13)/(-4)*6 is divided by a?
2
Suppose 188*n + 1080 = 208*n. What is the remainder when (2 + -35)*28/(-6) is divided by n?
46
What is the remainder when 5697/17 - (((-2828)/238 - 3) + 15) is divided by 17?
12
Suppose 4*t - 130 = 9*t. What is the remainder when 34 - 10/6*(t - -29) is divided by 10?
9
Suppose 762 = 3*f - 41*i + 44*i, -5*i - 230 = -f. Calculate the remainder when 4745 is divided by f.
245
Let k(c) = 2*c**2 + 5*c - 10. Let n be k(-3). What is the remainder when (n + 2)*(-55)/5 is divided by 15?
10
Suppose -50 = -36*i + 31*i. Let k(c) = -c**3 + 10*c**2 + 17*c - 13. What is the remainder when k(i) is divided by 79?
78
Let s = 530 - 150. Suppose 22*h - 27*h = -s. Suppose 3*d - h = 2. What is the remainder when 128 is divided by d?
24
Let f(l) = 7*l**3 - l + 1. Calculate the remainder when 349 is divided by f(1).
6
Let o = 69 - -92. Suppose 3*n - o = -140. What is the remainder when 5/((-105)/(-261)) - (-4)/n is divided by 7?
6
Suppose t - 2 - 27 = 0. Let b(z) be the second derivative of -14*z**3 + 100*z**2 - 260*z. Calculate the remainder when b(0) is divided by t.
26
Suppose 10*w + 356 = 476. Suppose 38*n = w*n + 1040. Calculate the remainder when n is divided by 8.
0
Let x(v) = 8 + 6 + 3 + v + 16. What is the remainder when 72 is divided by x(-17)?
8
Let n(r) = -47*r. Let k be (4/(-16))/(1/(-28)). Suppose -8 = -3*w - w - 3*z, z = 3*w + k. Calculate the remainder when n(w) is divided by 24.
23
Let k be (-40)/(-30)*18/8. Suppose -k*j + 26 = -j. Calculate the remainder when 111 is divided by j.
7
Suppose 0 = 3*t - 106 - 86. Calculate the remainder when t is divided by (42/(-4) + 0 + 1)/(149/(-298)).
7
Let a = 497 + -377. Suppose -31*d - a = -35*d. Let y = 33 - 23. What is the remainder when d is divided by y?
0
What is the remainder when 161 is divided by 25456/444 - 14/6?
51
Calculate the remainder when 700 is divided by (-36582)/(-247) + 8/(-380)*(-2 + 7).
108
Suppose -t - 21 = -8. Let j = t + 22. Suppose j*v - 11*v + 46 = 0. What is the remainder when v is divided by 12?
11
Suppose 3*i + 3*n - 222 